the remainder when 544 is divided by 366?
178
Calculate the remainder when 5316 is divided by 253.
3
Calculate the remainder when 30118 is divided by 210.
88
What is the remainder when 167676 is divided by 83828?
20
What is the remainder when 14862 is divided by 62?
44
What is the remainder when 5311 is divided by 1084?
975
What is the remainder when 14796 is divided by 2797?
811
Calculate the remainder when 18513 is divided by 9253.
7
What is the remainder when 24996 is divided by 94?
86
What is the remainder when 10706 is divided by 14?
10
What is the remainder when 266 is divided by 136?
130
What is the remainder when 8392 is divided by 1677?
7
Calculate the remainder when 93431 is divided by 209.
8
What is the remainder when 31384 is divided by 31367?
17
Calculate the remainder when 4398 is divided by 31.
27
Calculate the remainder when 22946 is divided by 264.
242
What is the remainder when 280422 is divided by 280395?
27
Calculate the remainder when 10167 is divided by 90.
87
Calculate the remainder when 16608 is divided by 12.
0
What is the remainder when 166 is divided by 5?
1
Calculate the remainder when 4864 is divided by 224.
160
What is the remainder when 1229406 is divided by 746?
744
What is the remainder when 256352 is divided by 59?
56
Calculate the remainder when 233705 is divided by 25962.
47
Calculate the remainder when 21427 is divided by 792.
43
What is the remainder when 441653 is divided by 48?
5
Calculate the remainder when 38017 is divided by 10.
7
What is the remainder when 1190 is divided by 140?
70
Calculate the remainder when 17025 is divided by 2133.
2094
Calculate the remainder when 34475 is divided by 80.
75
What is the remainder when 10756 is divided by 9966?
790
Calculate the remainder when 196147 is divided by 366.
337
What is the remainder when 11544 is divided by 3844?
12
What is the remainder when 518886 is divided by 106?
16
What is the remainder when 1625 is divided by 77?
8
Calculate the remainder when 51464 is divided by 22.
6
What is the remainder when 1079 is divided by 100?
79
Calculate the remainder when 17833 is divided by 2229.
1
Calculate the remainder when 68781 is divided by 1323.
1308
Calculate the remainder when 33147 is divided by 11028.
63
Calculate the remainder when 38048 is divided by 151.
147
Calculate the remainder when 20373 is divided by 122.
121
What is the remainder when 71889 is divided by 35934?
21
What is the remainder when 4094 is divided by 63?
62
What is the remainder when 1957 is divided by 378?
67
Calculate the remainder when 15058 is divided by 173.
7
Calculate the remainder when 145 is divided by 39.
28
What is the remainder when 396177 is divided by 39617?
7
What is the remainder when 2117 is divided by 2116?
1
What is the remainder when 31524 is divided by 267?
18
Calculate the remainder when 341971 is divided by 6.
1
What is the remainder when 144124 is divided by 459?
457
What is the remainder when 107646 is divided by 4?
2
What is the remainder when 19777 is divided by 39?
4
What is the remainder when 18200 is divided by 909?
20
What is the remainder when 20083 is divided by 279?
274
What is the remainder when 2401 is divided by 479?
6
Calculate the remainder when 706332 is divided by 120.
12
Calculate the remainder when 219744 is divided by 583.
536
What is the remainder when 1262660 is divided by 73?
52
What is the remainder when 920 is divided by 663?
257
Calculate the remainder when 1762 is divided by 6.
4
What is the remainder when 7029 is divided by 7025?
4
What is the remainder when 5305 is divided by 15?
10
Calculate the remainder when 37832 is divided by 197.
8
What is the remainder when 1158 is divided by 9?
6
Calculate the remainder when 98277 is divided by 30.
27
Calculate the remainder when 3046 is divided by 266.
120
What is the remainder when 524 is divided by 28?
20
Calculate the remainder when 553281 is divided by 65.
1
What is the remainder when 28934 is divided by 14297?
340
What is the remainder when 182993 is divided by 91471?
51
Calculate the remainder when 2879917 is divided by 63.
61
Calculate the remainder when 45389 is divided by 199.
17
What is the remainder when 28918 is divided by 850?
18
What is the remainder when 612 is divided by 282?
48
What is the remainder when 5964 is divided by 2959?
46
Calculate the remainder when 8304 is divided by 3880.
544
Calculate the remainder when 8562 is divided by 2139.
6
What is the remainder when 15610 is divided by 165?
100
Calculate the remainder when 174903 is divided by 3569.
22
What is the remainder when 476669 is divided by 152?
149
Calculate the remainder when 3488 is divided by 25.
13
What is the remainder when 29322 is divided by 126?
90
What is the remainder when 42469 is divided by 987?
28
Calculate the remainder when 234246 is divided by 113.
110
What is the remainder when 691508 is divided by 37?
15
Calculate the remainder when 2718 is divided by 906.
0
What is the remainder when 65390 is divided by 16?
14
What is the remainder when 460 is divided by 157?
146
Calculate the remainder when 266345 is divided by 350.
345
Calculate the remainder when 15936 is divided by 1137.
18
What is the remainder when 13634 is divided by 3375?
134
What is the remainder when 830439 is divided by 34601?
15
Calculate the remainder when 33610 is divided by 8.
2
What is the remainder when 44319 is divided by 752?
703
What is the remainder when 117293 is divided by 113?
112
Calculate the remainder when 2225 is divided by 2134.
91
What is the remainder when 76334 is divided by 1106?
20
Calculate the remainder when 4354 is divided by 615.
49
What is the remainder when 163783 is divided by 5282?
41
Calculate the remainder when 3841 is divided by 945.
61
What is the remainder when 6369 is divided by 331?
80
Calculate the remainder when 81742 is divided by 52.
50
Calculate the remainder when 490 is divided by 104.
74
What is the remainder when 1524 is divided by 760?
4
What is the remainder when 1893 is divided by 67?
17
Calculate the remainder when 730867 is divided by 543.
532
Calculate the remainder when 1049 is divided by 22.
15
Calculate the remainder when 4268 is divided by 1347.
227
Calculate the remainder when 333404 is divided by 604.
600
What is the remainder when 174685 is divided by 425?
10
Calculate the remainder when 2232 is divided by 1109.
14
Calculate the remainder when 17051 is divided by 17001.
50
What is the remainder when 16053 is divided by 20?
13
Calculate the remainder when 1978 is divided by 276.
46
Calculate the remainder when 8118 is divided by 2044.
1986
Calculate the remainder when 1195 is divided by 735.
460
Calculate the remainder when 1262 is divided by 328.
278
Calculate the remainder when 4077 is divided by 47.
35
What is the remainder when 203374 is divided by 91?
80
Calculate the remainder when 195941 is divided by 8519.
4
What is the remainder when 918719 is divided by 99?
98
What is the remainder when 9979 is divided by 200?
179
What is the remainder when 64666 is divided by 530?
6
What is the remainder when 4665 is divided by 4645?
20
Calculate the remainder when 10070 is divided by 4989.
92
What is the remainder when 454 is divided by 86?
24
Calculate the remainder when 10346 is divided by 138.
134
Calculate the remainder when 665551 is divided by 3.
1
What is the remainder when 12226 is divided by 5967?
292
Calculate the remainder when 1361 is divided by 350.
311
What is the remainder when 3154 is divided by 41?
38
Calculate the remainder when 5029 is divided by 739.
595
What is the remainder when 230391 is divided by 16456?
7
Calculate the remainder when 327449 is divided by 74.
73
Calculate the remainder when 28009 is divided by 113.
98
What is the remainder when 2775 is divided by 689?
19
What is the remainder when 12058 is divided by 3952?
202
Calculate the remainder when 213226 is divided by 71072.
10
Calculate the remainder when 75130 is divided by 25025.
55
What is the remainder when 2367 is divided by 31?
11
Calculate the remainder when 5062 is divided by 13.
5
Calculate the remainder when 33087 is divided by 4721.
40
Calculate the remainder when 24285 is divided by 184.
181
Calculate the remainder when 463551 is divided by 1204.
11
What is the remainder when 4686